factors of d(2).
2, 3
What are the prime factors of (8 + 8/(-2))*11?
2, 11
Let v = 14 - 10. Let b be 6/v*(-4)/6. What are the prime factors of 2/b + (-20)/(-5)?
2
Let h(c) = c**2 - 5*c + 11. List the prime factors of h(-8).
5, 23
Let b = -72 + 108. Let c be 10*(-2 + (-2)/4). Let q = c + b. What are the prime factors of q?
11
Let z = 46 - 23. What are the prime factors of z?
23
What are the prime factors of (-109)/2*(-36 - -34)?
109
List the prime factors of 752/16 - (-3)/(-1).
2, 11
Let a be 140/5 + 4/2. Suppose a = 4*k + 90. What are the prime factors of (3/5)/((-3)/k)?
3
Suppose 2*q + 4 = 2*s, 2*q + s = 4*q + 8. Suppose 5*d - 3*r + 60 = 2*r, -d + 4*r - 3 = 0. Let m = q - d. What are the prime factors of m?
3
Suppose 4*i + 176 = -3*h + 7*h, -5*h = -3*i - 218. List the prime factors of h.
43
Let o = -1 - -274. What are the prime factors of o?
3, 7, 13
Let r(o) = 15*o**2 - 3*o - 3. List the prime factors of r(-1).
3, 5
Suppose -4*o + 9*o - 170 = 0. Suppose 2*u = o + 28. What are the prime factors of u?
31
Let x = 0 - -5. Suppose 0 = -3*l - 0*l - 5*k - 4, 3*l - x*k = 46. List the prime factors of l.
7
Suppose 0 = -2*a - 0*a. Let i(b) = a + 11*b**2 + 1 + 0. List the prime factors of i(1).
2, 3
Let i(f) = f**3 - 4*f**2 - 3*f - 6. Let s be i(5). Suppose -2*c = 2*c - 16. Suppose 2*w - s*m = 6, -c*w + 0*m - m = -21. What are the prime factors of w?
5
Let m = 55 + -48. What are the prime factors of m?
7
Suppose 0 = -2*n - 2*f + 12, 4*n + 2*f = 3*n + 10. Let x(g) = g**3 - g**2 + 1. List the prime factors of x(n).
5
Suppose 5*c - 4 = -3*w, -3*w - 3 = c - 11. What are the prime factors of 3 - (3/3 - w)?
5
Let v = -70 + 102. What are the prime factors of v?
2
Suppose -4*z = -5*r + 770, 6*r + 2*z = r + 770. List the prime factors of r.
2, 7, 11
Let j be (-5 + 4)/((-2)/302). Suppose 44 = 3*z - 4*t - 65, -j = -5*z - t. Suppose 4*l + 5*g - z = 0, -l + 4*l + g - 15 = 0. What are the prime factors of l?
2
Let d(v) = v**2 + 2*v - 1. Let h be 2/(-5)*(2 - -8). What are the prime factors of d(h)?
7
Let b(v) = -v. Let m(i) = 10*i. Let j(y) = -44*b(y) - 4*m(y). List the prime factors of j(4).
2
Suppose 0 = 4*s + 80 + 36. Let m = s - -44. List the prime factors of m.
3, 5
Let z = 34 + 20. What are the prime factors of z?
2, 3
Let u(z) = z**2 + 4*z + 3. Let v be u(-3). Suppose v = 5*o - 3*l - 79, 5*o + 4*l + 28 - 86 = 0. What are the prime factors of o?
2, 7
Let z be 16/(-12)*(-6)/4. Suppose 5*y = z*y + 21. What are the prime factors of y?
7
Let t(u) = u**2 + u + 3. List the prime factors of t(0).
3
Suppose -320 + 50 = -6*m. Let s = m + -18. What are the prime factors of s?
3
Suppose -2*z = -33 + 5. Let t = z + -3. List the prime factors of t.
11
Suppose -163 = -4*f - 5*q, -5*f = 4*q - 104 - 102. List the prime factors of f.
2, 3, 7
Suppose -i = -3*i + 30. Suppose -i = 3*o - 75. What are the prime factors of o?
2, 5
Suppose -992 + 12 = -5*f. List the prime factors of f.
2, 7
Let p(z) = z**3 - 4*z**2 - 7*z + 3. Let b be p(5). Let o(j) = -10*j + 1. Let i be o(1). Let m = b - i. List the prime factors of m.
2
Let c(k) = -20*k**2 + 4*k - 3. Let o be c(2). Let v = 108 + o. What are the prime factors of v?
3, 11
Let u = -297 - -473. Suppose u = 5*y - 44. What are the prime factors of y?
2, 11
Suppose 3*u = 5*m + 4 - 12, -3*u = 5*m - 2. List the prime factors of u/(-1 - 12/(-15)).
5
Let h be (0 + (-38)/(-4))/((-1)/(-2)). Let s(c) = c**3 - 2*c - 1. Let z be s(3). Suppose -h = -3*a + z. List the prime factors of a.
13
Let m be (8 - 30)*2/(-4). What are the prime factors of (2 - -1)*(-8 + m)?
3
Suppose 0 = -x - 2*a - 14, 3*x + 24 = -3*a - 30. Let i be 53/(-11) - (-4)/x. What are the prime factors of ((-6)/i)/(12/80)?
2
Let z(f) = -f**3 + 6*f**2 - 5. Suppose -3*d + 4*b = -12, -4*d + 19 - 3 = -3*b. List the prime factors of z(d).
3
Suppose f + 4*f = -75. Suppose 4*g + 2*m + 0*m + 38 = 0, 4*m + 4 = 0. Let t = g - f. What are the prime factors of t?
2, 3
Suppose -3*h + 71 = -7. What are the prime factors of h?
2, 13
Let j(p) = -p**3 + 6*p**2 + 4*p - 4. Let f be j(6). Suppose -2*t + 6*t - f = 0. List the prime factors of t.
5
Let i(g) be the first derivative of -g**4/4 - 2*g**3/3 - g**2/2 - 4*g - 1. Let x be i(-3). Suppose z - 17 + x = 0. What are the prime factors of z?
3
Let f(v) = -9*v. What are the prime factors of f(-2)?
2, 3
Suppose 0 = 3*s - 6. Suppose 3*o = -5*i + 1 - 0, s*i + o - 1 = 0. Suppose -4*b - 2*y = i*y - 36, -5*b + 33 = y. What are the prime factors of b?
2, 3
Suppose -2*c - 4*i + 84 = 0, i + 159 = 4*c + 6*i. List the prime factors of c.
2, 3
Let o(z) = z**2 - 11. What are the prime factors of o(-5)?
2, 7
Let o(j) = j**2 + 3. Let t be o(-3). Suppose -8 - t = -2*n. What are the prime factors of n?
2, 5
Suppose -3*o + 12 = 0, 5*o = -4*v + 3*o + 44. What are the prime factors of v?
3
Suppose -j + 5*j = 20. Suppose 4*n - 2*n - 12 = -4*t, 3*t - 9 = j*n. List the prime factors of t.
3
Let b = 5 + 0. What are the prime factors of b?
5
Let n(h) = h**3 + 6*h**2 + 3*h + 4. Let c be n(-5). Suppose 0 = -4*z - 5*t - c, 2*t + 11 = -5*z + 2. List the prime factors of z + 3 - (-36)/6.
2
Let a be ((-14)/(-3))/(6/18). What are the prime factors of (0 - a*-1) + -1?
13
Suppose 0 = -8*r - 68 + 428. List the prime factors of r.
3, 5
Suppose 3*v - 4 = 5*v, -4*w = -5*v + 122. Let k = w - -46. List the prime factors of k.
13
Let w be 2/(-10) - (-104)/20. Suppose 2*p - 4*p - 4 = 0, 5*l - 40 = w*p. What are the prime factors of l - -2 - (0 - -2)?
2, 3
Let q(w) = -w**2 + 3*w. Let v be q(5). Let l = v - -19. What are the prime factors of l?
3
Suppose 8*i = 6*i + 142. List the prime factors of i.
71
Suppose -5*r - 4*y + 19 = 0, -4*r = 3*y - 7 - 8. Let b be ((-4)/(-10))/((-1)/(-40)). Suppose r*j - b = -j. List the prime factors of j.
2
List the prime factors of (-2 + (-246)/9 + -3)*-3.
97
Let f(q) be the first derivative of 1/3*q**3 + 4 - 5/2*q**2 + 8*q. List the prime factors of f(7).
2, 11
Let q(k) = -6*k**3 + 1. Let n be q(1). Let j = n - -5. Suppose 3*g = -j*g + 24. What are the prime factors of g?
2
Suppose -4*v - 165 = -473. List the prime factors of v.
7, 11
Let d = -7 + 4. Let z = 2 - d. Suppose 0 = 3*c - r - 10 - 9, 25 = z*r. List the prime factors of c.
2
Let a(k) = k**3 - 4*k**2 - 3*k + 5. What are the prime factors of a(6)?
59
Let z = 270 + -56. List the prime factors of z.
2, 107
Suppose -2*g + 17 = y - g, -5*g = -25. Suppose 2 - y = 5*j. What are the prime factors of 1/j + (-13)/(-2)?
2, 3
Let y be 158*(-3)/(-12)*2. Suppose 3*f = 5 + y. List the prime factors of f.
2, 7
Let v(i) = -i**2 + 6*i + 2. Let l be v(6). Suppose -5*p + b + 58 = -l*b, -4*p + 72 = 4*b. What are the prime factors of p?
2, 7
Suppose 16*r = 14*r + 236. List the prime factors of r.
2, 59
Let l(k) = -k**2 - k. Let d(b) = 14*b**2 + 2*b - 2. Let p(m) = d(m) + 3*l(m). Let n be p(2). Suppose 2*w + 2*w - n = 0. List the prime factors of w.
2, 5
Let o = 20 + -31. Let s = 21 + o. List the prime factors of s.
2, 5
Let k(t) = -19*t**2 + 1. Let i be k(-1). Suppose 4*o + 35 = -73. What are the prime factors of (-87)/o + 4/i?
3
Let q = -23 - -30. What are the prime factors of q?
7
Let c(b) be the third derivative of -b**5/60 + b**4/6 + 3*b**2. What are the prime factors of c(2)?
2
Let f(a) = -a**3 + 7*a**2 - 4*a - 3. What are the prime factors of f(4)?
29
Let i(o) = -o**3 + 9*o**2 + 2*o + 6. What are the prime factors of i(9)?
2, 3
Let d be (20/(-6) + 3)*0. Let p = 25 - d. List the prime factors of p.
5
Let y be 0 - 2 - -3 - -1. Suppose -3*s + 8*s = 2*i - 16, -3*i = y*s - 24. What are the prime factors of i?
2
Suppose -24 = 4*l - 0. Let v = -12 - l. Let q = v + 17. What are the prime factors of q?
11
Let w be (-42)/(-35)*10/(-4). Let g = w - -8. Suppose 0*l = 2*z + g*l - 21, 5*z = -l + 18. List the prime factors of z.
3
Let d(c) = -c**2 + 1. Let k be d(-2). Let j be (k/1)/(4 - 5). Suppose 30 = j*q + f, 5*q = -6*f + 3*f + 46. List the prime factors of q.
11
Suppose -4*b = -0*b - 328. List the prime factors of b.
2, 41
Let r = -30 - -33. What are the prime factors of r?
3
Let y(f) = 2*f - 2. Let u be y(3). Suppose 4*b - u*r - 124 = 0, 2*b + 0*r - 5*r - 59 = 0. List the prime factors of b.
2
What are the prime factors of -5 - -8 - -3*1?
2, 3
Suppose 4 = -3*i - 2. Let u = -1 - i. Suppose 4*x + 19 - u = 3*d, 5*x = 5*d - 30. Li